3) - -4. What is the units digit of 28*((-34)/(-8) - a)?
7
What is the hundreds digit of ((-1023)/124)/((-3)/44)?
1
Suppose -69032 = -49*h + 31859. What is the tens digit of h?
5
Let x = 1227 - 71. What is the hundreds digit of x?
1
Let n(x) = -18*x**3 - x**2 - 3*x - 2. Let l be n(-1). What is the tens digit of ((-3)/(-6))/((-3)/l) - -174?
7
Let q = 94 + -1. Suppose 4*z + q = 9. Let d = z - -22. What is the units digit of d?
1
Suppose 2*d - c - 32 = -3*c, -2*d - 4*c + 30 = 0. Let z = 77 - d. Let k = z + -16. What is the units digit of k?
4
Suppose 2*r - 3*r = -9. Suppose -3*u = -4*s - 77, -10 = -u - 2*s + r. What is the tens digit of u?
2
Let g be 4*1*11/(-22). What is the tens digit of 258/9*-1*3/g?
4
Let x(k) = -k**2 + 7*k - 3. Let t = -22 - -28. Let l be x(t). Suppose -l*v - 35 = -4*v. What is the units digit of v?
5
Suppose -3*l + 0*l = 0. Suppose l*g + 5*g = 95. Suppose g*c = 21*c - 118. What is the units digit of c?
9
Let x = -82 - 8. Let o be x/(-1*(-9)/(-6)). What is the units digit of (-57)/(-5) - 24/o?
1
Let d be (-345)/39 - 12/78. Let q be (60/d)/((-4)/6). Suppose -3*z = 5*h - 6 - 13, 4*h = -5*z + q. What is the units digit of h?
5
Let o(v) = -v**2 - 16*v + 20. Let r be o(-17). Suppose 0 = -p + r - 2. What is the tens digit of p + (-79 + 1)/(-3)?
2
Suppose -4*k + 2 - 4 = 3*c, 4*k = -4*c. Suppose 5*v = 4*y + 204, -c*v = v + 2*y - 118. What is the tens digit of v?
4
Suppose -14 = -4*x - 6, 3*w + 4*x - 17 = 0. Suppose -4*q = -0 - 16, 2*q = -w*j + 233. What is the tens digit of j?
7
Let u(q) = q**2 - 2*q - 3. Let s be u(-2). Let b be ((-48)/40)/((-1)/s). Let p = 14 - b. What is the units digit of p?
8
Let d be 1*(3/6)/(1/22). Let x(s) = 13*s - 36. What is the hundreds digit of x(d)?
1
Suppose 0 = -6*o + o. Suppose -2*w + 207 - 17 = o. What is the units digit of w?
5
Suppose -141*y + 147*y - 1260 = 0. What is the units digit of y?
0
Let t be (18/15)/((-6)/(-45)). What is the units digit of (t/(-6))/((-6)/204)?
1
Let t(k) = -k**3 - 7*k**2 + 6*k - 16. Let s be t(-8). Suppose 8*u - 2*u - 1038 = s. What is the hundreds digit of u?
1
Suppose 498 = -4*n + 2*m, 5*m + 287 = -4*n - 176. Let a = 200 + n. What is the units digit of a?
8
Let c = -19 - -24. Suppose -c*p = -417 + 132. What is the tens digit of p?
5
Let s(k) be the third derivative of 0 - 5/12*k**4 - 2*k**3 - 13*k**2 + 0*k. What is the tens digit of s(-7)?
5
Let d = -177 + 487. Suppose -4*o + d = o. What is the units digit of o?
2
Let k be 346/(-10) + (-2)/5. Let c(x) = x**3 - 26*x**2 + 17*x + 138. Let v be c(25). Let r = k - v. What is the units digit of r?
7
Let d be ((-12)/(-8))/(5/10). Suppose -x = -0*q + 4*q + 18, 5*q + 19 = -d*x. What is the units digit of x?
2
What is the units digit of (-7 - -6)/((-4)/936)?
4
Suppose q = 4*q - 1200. Suppose 0*m + m + 2*i - q = 0, 3*m + i - 1200 = 0. What is the tens digit of (2/(-4))/((-8)/m)?
2
Let y(z) = -5*z - 10. Let i be y(-3). Suppose -3*f - 145 = -i*p + 109, -2*f = -2*p + 104. Let g = -16 + p. What is the units digit of g?
3
Let c = 121 - -17. Suppose 4*u = -2*m + c, 0*u = -4*m + u + 240. What is the units digit of m?
1
Suppose 7*v - 2*v = 920. Suppose -674 + v = -7*x. What is the units digit of x?
0
Let k(i) = -i**3 + 19*i**2 - 2*i + 11. Let x(o) = -o**2 - 11*o + 1. Let b be x(-9). Let r be k(b). Let w = 77 + r. What is the units digit of w?
0
Let j = 16 - 19. Let k be j/(-2) - (-4)/8. Suppose 0 = i + k*i - 27. What is the units digit of i?
9
Suppose 2*y = 2*x - 840, 1250 = 72*x - 69*x - 5*y. What is the hundreds digit of x?
4
Let v = 10 - 8. Suppose v*b + b = 2*y - 16, 3*y - 21 = 3*b. Suppose 4*p - 2 = y*l - 8, 1 = l - p. What is the units digit of l?
2
Suppose 830 = 6*u - 1852. What is the hundreds digit of u?
4
Let k be 9/(-2)*154/(-21). Let h be 154/k*36/7. Suppose -o - o = -4*d + 114, -d - 4*o = -h. What is the units digit of d?
8
Let h = -22 - -16. Let r be (-290)/h - (-6)/9. Let g = -24 + r. What is the tens digit of g?
2
Suppose 2*g + 115 = 6*g - 3*b, -2*g = 3*b - 53. Let d(y) = 16 + 8*y**2 - g - 5*y**3 + 5*y + 4*y**3. What is the units digit of d(8)?
8
Let k(z) = 5*z - 8. Let o be k(3). Let r be 2*(o - -4 - 2). Let p = 49 - r. What is the tens digit of p?
3
Let x(y) = 6*y**3 - 36*y - y**2 + 3 - 17*y**2 - 7*y**3 - 5. What is the tens digit of x(-16)?
6
Let c be ((-3 - -2) + 1)/(-1). Let f be -24 - ((c - 3) + 0). What is the units digit of -1 + (-12)/9*f?
7
Suppose 4*w = -16, -11 = -5*n + 5*w - 41. Let l = 15 - n. Suppose -v - 2*d + l = 0, -5*v + 3*d + 58 = -67. What is the tens digit of v?
2
Suppose -10*g + 2432 + 3388 = 0. What is the tens digit of g?
8
Suppose 4*n = -3*h + 5612 + 1067, 2*h + n = 4461. What is the hundreds digit of h?
2
What is the hundreds digit of 258 - ((-187)/68 + 6/8)?
2
Let i be (-8)/((-32)/(-1092)) + -4. Let a = -188 - i. What is the tens digit of a?
8
Let s(h) = -551*h - 367. What is the tens digit of s(-6)?
3
What is the thousands digit of (-7)/(1904/(-1896) + 1)?
1
Let p be (-4)/(-8) + 5/2. Suppose -p*c + 71 = 2. What is the tens digit of c?
2
Let t = 4446 + -262. What is the units digit of t?
4
Suppose 0 = -l + 4502 - 1691. What is the thousands digit of l?
2
Let s(l) = -8*l**2 + 1. Let g be s(1). What is the tens digit of (-5)/(70/(-4)) + (-376)/g?
5
Suppose -21*v = -16*v. Suppose 154 = -v*s + s. What is the units digit of s?
4
Suppose 4*y + 4*p + 4 = 0, p = 2*y - 12 - 1. Suppose -5*r + 35 = 5*b, 3*r - 5*r + 24 = 4*b. What is the units digit of r*10/y + 3?
8
Let d be (5 - 4)*(-1)/2*-2. Suppose -20 = -c - d. What is the units digit of c?
9
Suppose -4*l = 3*w - 42, w - 4*w + 51 = l. Let y = 49 - w. What is the tens digit of y?
3
Let p(q) = 8*q**3 - 2*q**2 + q. Let z be p(1). Let o(b) = -b + 14. Let c be o(z). Suppose c*r - 2*r - 65 = 0. What is the tens digit of r?
1
Let u = 65 + 269. What is the hundreds digit of u?
3
Suppose 3*d = 3 - 9. Let c be 3 + (0 - d/(-2)). Suppose c*x - x - 32 = 0. What is the tens digit of x?
3
Let y = 44 + 3. Suppose 2*u - y = 215. What is the hundreds digit of u?
1
Let p = 12 - 21. Let u be 24/(-20) - (-8)/40. What is the tens digit of (u - (-3)/p)*-12?
1
Let t(o) be the third derivative of 7/24*o**4 - 1/2*o**3 + 0 - 1/12*o**5 + 0*o - 3*o**2 + 1/120*o**6. What is the tens digit of t(5)?
3
Let c(n) = -2*n**3 + 7*n**2 + 10*n - 12. What is the hundreds digit of c(-8)?
3
Let z(f) = f**3 + 9*f**2 - 4*f - 11. Suppose 24 = -4*x - 8. What is the units digit of z(x)?
5
Let u = -25 + 35. Let l(g) = -8 + u*g**2 - 1 + g**3 - 3*g - 6. What is the tens digit of l(-10)?
1
Suppose 3*s = s. Suppose 0*g + 5*g = 2*m - 85, s = -4*g - 12. Let h = 57 - m. What is the units digit of h?
2
Let g(z) = z**2 + 2*z - 66. What is the hundreds digit of g(-28)?
6
What is the units digit of (3/(-9))/((-4)/(-24)) - -1389?
7
Let h = 59 - 54. Let p(v) be the third derivative of 3*v**4/8 - v**3/2 - v**2. What is the units digit of p(h)?
2
Let a = 22 + -34. Let s = 8 - 47. Let y = a - s. What is the units digit of y?
7
Let i(x) = 59*x**2 + 18*x + 21. What is the tens digit of i(-2)?
2
Let z = 308 + 215. What is the units digit of z?
3
Let u = 99 - 55. Suppose a = 3*n - u - 64, 5*a = 2*n - 85. What is the units digit of n?
5
Suppose -2*t = -4*y + 7*y - 3312, 3*t = 2*y + 4942. What is the tens digit of t?
5
Let l(k) = 2*k**2 + 1. Let h be l(1). What is the tens digit of h/(-4) - 2608/(-64)?
4
Suppose -2*u - 74 = 2*s, -4*s - 39 = -3*s + 2*u. Let k = s + 36. What is the units digit of (-25)/(-50)*6*k?
3
Let n(z) be the third derivative of -z**6/120 - z**5/5 - z**4/4 + 11*z**3/6 + 26*z**2. What is the tens digit of n(-12)?
8
Let v be (0 + -1)*-3 - 1. Let o be v/4 + (-183)/(-6). Suppose -7 + o = 3*u. What is the units digit of u?
8
What is the hundreds digit of 2644/22 - 6/33?
1
Suppose 104 = -35*s + 384. Let c be 1 + 1 + -1 + 0. What is the units digit of (-4 - 0)*c + s?
4
What is the tens digit of (18/6)/3 + 586/2?
9
Let t be 0 + 3/((-15)/(-25)). Suppose -t*i + 494 = 4*h, -i - 4*i = 2*h - 492. What is the units digit of i?
8
Suppose b - 4 = -b. Let o be ((-1)/b)/(5/(-50)). Suppose 0 = o*d - 97 - 28. What is the units digit of d?
5
What is the units digit of 703/3*((-1 - 1) + 11)?
9
Suppose 6*c - 504 = 3*c. What is the tens digit of c?
6
Let m(o) = 9*o**3 + 7*o**2 - o + 18. What is the units digit of m(5)?
3
